{"id":1857606,"date":"2026-02-12T11:08:12","date_gmt":"2026-02-12T10:08:12","guid":{"rendered":"https:\/\/lemonti.pl\/sklep\/bez-kategorii\/pendrive-verbatim-store-n-go-secure-pro-16gb-usb-3-0\/"},"modified":"2026-08-28T09:33:29","modified_gmt":"2026-08-28T07:33:29","slug":"pendrive-verbatim-store-n-go-secure-pro-16gb-usb-3-0","status":"publish","type":"product","link":"https:\/\/lemonti.pl\/en\/sklep\/akcesoria-rozne\/pamieci-flash\/pendrive-verbatim-store-n-go-secure-pro-16gb-usb-3-0\/","title":{"rendered":"Pendrive Verbatim Store 'n&#8217; Go Secure Pro 16GB USB 3.0"},"content":{"rendered":"<div class=\"vgblk-rw-wrapper limit-wrapper\">\n<section class=\"section\">\n<div class=\"item item-12\">\n<section class=\"text-item\">\n<h1>Pendrive Verbatim Store 'n&#8217; Go Secure Pro 16GB USB 3.0<\/h1>\n<\/section><\/div>\n<\/section>\n<section class=\"section\">\n<div class=\"item item-6\">\n<section class=\"text-item\">\n<h2>Specyfikacja:<\/h2>\n<ul>\n<li><b>Rodzaj pami\u0119ci:<\/b> Pendrive<\/li>\n<li><b>Pojemno\u015b\u0107 pami\u0119ci:<\/b> 16 GB<\/li>\n<li><b>Standard pami\u0119ci:<\/b> Flash<\/li>\n<li><b>Cz\u0119stotliwo\u015b\u0107 szyny pami\u0119ci:<\/b> nie dotyczy<\/li>\n<li><b>Typ pami\u0119ci:<\/b> n\/d<\/li>\n<li><b>Z\u0142\u0105cze pami\u0119ci:<\/b> USB 3.0<\/li>\n<li><b>Kolor:<\/b> Szary<\/li>\n<li><b>Opakowanie:<\/b> Blister<\/li>\n<li><b>Cechy:<\/b> 16GB;USB 3.0<\/li>\n<li><b>Informacje dodatkowe:<\/b><\/li>\n<li>&#8211; 256-bitowe sprz\u0119towe szyfrowanie AES ze sprz\u0119tem opartym na kontrolerze bezpiecze\u0144stwa<\/li>\n<li>Wst\u0119pnie zainstalowana, automatycznie uruchamiana, intuicyjna aplikacja zapewniaj\u0105ca ochron\u0119 has\u0142em<\/li>\n<li>Algorytm haszowania has\u0142a<\/li>\n<li>Odporne na hackowanie \u2013 urz\u0105dzenie usuwa dane po 10 nieudanych pr\u00f3bach uzyskania dost\u0119pu<\/li>\n<li>USB SuperSpeed o pr\u0119dko\u015bci 5 Gb\/s<\/li>\n<li>Surowe regu\u0142y uwierzytelniania \u2013 \u015bcis\u0142e zasady ustanawiania hase\u0142<\/li>\n<li>Uprawnienia administratora nie s\u0105 wymagane na komputerach-hostach<\/li>\n<li>Ulepszenia dla technologii Readyboost systemu Windows<\/li>\n<li>Wysuwane z\u0142\u0105cze USB eliminuje niedogodno\u015bci zwi\u0105zane z u\u017cywaniem zatyczek<\/li>\n<li>Minimalna szybko\u015b\u0107 zapisu: 100MB\/s<\/li>\n<li>Minimalna szybko\u015b\u0107 odczytu: 20MB\/s<\/li>\n<li>Zgodno\u015b\u0107 z systemami Windows i Mac OS<\/li>\n<li>Zgodno\u015b\u0107 ze standardem USB 2.0<\/li>\n<li>Wymiary: 55 x 20 x 9.5 mm<\/li>\n<\/ul>\n<\/section><\/div>\n<div class=\"item item-6\">\n<section class=\"image-item\"><img decoding=\"async\" src=\"https:\/\/upload.cdn.baselinker.com\/products\/6010088\/d6a19670219660579ec09383184ee511.jpg\" \/><\/section>\n<\/p><\/div>\n<\/section>\n<section class=\"section\">\n<div class=\"item item-12\">\n<section class=\"image-item\"><img decoding=\"async\" src=\"https:\/\/upload.cdn.baselinker.com\/products\/6010088\/63d8b757d5dced679b4c914c0d47e795.jpg\" \/><\/section>\n<\/p><\/div>\n<\/section>\n<section class=\"section\">\n<div class=\"item item-12\">\n<section class=\"image-item\"><img decoding=\"async\" src=\"https:\/\/upload.cdn.baselinker.com\/products\/6010088\/3f2c7ff21a8f3b3bb2888bd30ce1d118.jpg\" \/><\/section>\n<\/p><\/div>\n<\/section>\n<\/div>\n<p><!-- .vgblk-rw-wrapper --><\/p>","protected":false},"excerpt":{"rendered":"<p>Pendrive Verbatim Store 'n&#8217; Go Secure Pro 16GB USB 3.0 Specyfikacja: Rodzaj pami\u0119ci: Pendrive Pojemno\u015b\u0107 pami\u0119ci: 16 GB Standard pami\u0119ci: Flash Cz\u0119stotliwo\u015b\u0107 szyny pami\u0119ci: nie dotyczy Typ pami\u0119ci: n\/d Z\u0142\u0105cze pami\u0119ci: USB 3.0 Kolor: Szary Opakowanie: Blister Cechy: 16GB;USB 3.0 Informacje dodatkowe: &#8211; 256-bitowe sprz\u0119towe szyfrowanie AES ze sprz\u0119tem opartym na kontrolerze bezpiecze\u0144stwa Wst\u0119pnie zainstalowana,&#8230;<\/p>","protected":false},"featured_media":1857587,"comment_status":"open","ping_status":"closed","template":"","meta":[],"product_brand":[16654],"product_cat":[306,307],"product_tag":[],"class_list":["post-1857606","product","type-product","status-publish","has-post-thumbnail","product_brand-verbatim","product_cat-akcesoria-rozne","product_cat-pamieci-flash","first","outofstock","taxable","shipping-taxable","purchasable","product-type-simple"],"_links":{"self":[{"href":"https:\/\/lemonti.pl\/en\/wp-json\/wp\/v2\/product\/1857606","targetHints":{"allow":["GET"]}}],"collection":[{"href":"https:\/\/lemonti.pl\/en\/wp-json\/wp\/v2\/product"}],"about":[{"href":"https:\/\/lemonti.pl\/en\/wp-json\/wp\/v2\/types\/product"}],"replies":[{"embeddable":true,"href":"https:\/\/lemonti.pl\/en\/wp-json\/wp\/v2\/comments?post=1857606"}],"version-history":[{"count":1,"href":"https:\/\/lemonti.pl\/en\/wp-json\/wp\/v2\/product\/1857606\/revisions"}],"predecessor-version":[{"id":1859775,"href":"https:\/\/lemonti.pl\/en\/wp-json\/wp\/v2\/product\/1857606\/revisions\/1859775"}],"wp:featuredmedia":[{"embeddable":true,"href":"https:\/\/lemonti.pl\/en\/wp-json\/wp\/v2\/media\/1857587"}],"wp:attachment":[{"href":"https:\/\/lemonti.pl\/en\/wp-json\/wp\/v2\/media?parent=1857606"}],"wp:term":[{"taxonomy":"product_brand","embeddable":true,"href":"https:\/\/lemonti.pl\/en\/wp-json\/wp\/v2\/product_brand?post=1857606"},{"taxonomy":"product_cat","embeddable":true,"href":"https:\/\/lemonti.pl\/en\/wp-json\/wp\/v2\/product_cat?post=1857606"},{"taxonomy":"product_tag","embeddable":true,"href":"https:\/\/lemonti.pl\/en\/wp-json\/wp\/v2\/product_tag?post=1857606"}],"curies":[{"name":"wp","href":"https:\/\/api.w.org\/{rel}","templated":true}]}}

<div class="vgblk-rw-wrapper limit-wrapper">
<section class="section">
<div class="item item-12">
<section class="text-item">
<h1>Pendrive Verbatim Store 'n&#8217; Go Secure Pro 16GB USB 3.0</h1>
</section></div>
</section>
<section class="section">
<div class="item item-6">
<section class="text-item">
<h2>Specyfikacja:</h2>
<ul>
<li><b>Rodzaj pamięci:</b> Pendrive</li>
<li><b>Pojemność pamięci:</b> 16 GB</li>
<li><b>Standard pamięci:</b> Flash</li>
<li><b>Częstotliwość szyny pamięci:</b> nie dotyczy</li>
<li><b>Typ pamięci:</b> n/d</li>
<li><b>Złącze pamięci:</b> USB 3.0</li>
<li><b>Kolor:</b> Szary</li>
<li><b>Opakowanie:</b> Blister</li>
<li><b>Cechy:</b> 16GB;USB 3.0</li>
<li><b>Informacje dodatkowe:</b></li>
<li>&#8211; 256-bitowe sprzętowe szyfrowanie AES ze sprzętem opartym na kontrolerze bezpieczeństwa</li>
<li>Wstępnie zainstalowana, automatycznie uruchamiana, intuicyjna aplikacja zapewniająca ochronę hasłem</li>
<li>Algorytm haszowania hasła</li>
<li>Odporne na hackowanie – urządzenie usuwa dane po 10 nieudanych próbach uzyskania dostępu</li>
<li>USB SuperSpeed o prędkości 5 Gb/s</li>
<li>Surowe reguły uwierzytelniania – ścisłe zasady ustanawiania haseł</li>
<li>Uprawnienia administratora nie są wymagane na komputerach-hostach</li>
<li>Ulepszenia dla technologii Readyboost systemu Windows</li>
<li>Wysuwane złącze USB eliminuje niedogodności związane z używaniem zatyczek</li>
<li>Minimalna szybkość zapisu: 100MB/s</li>
<li>Minimalna szybkość odczytu: 20MB/s</li>
<li>Zgodność z systemami Windows i Mac OS</li>
<li>Zgodność ze standardem USB 2.0</li>
<li>Wymiary: 55 x 20 x 9.5 mm</li>
</ul>
</section></div>
<div class="item item-6">
<section class="image-item"><img decoding="async" src="https://upload.cdn.baselinker.com/products/6010088/d6a19670219660579ec09383184ee511.jpg" /></section>
</p></div>
</section>
<section class="section">
<div class="item item-12">
<section class="image-item"><img decoding="async" src="https://upload.cdn.baselinker.com/products/6010088/63d8b757d5dced679b4c914c0d47e795.jpg" /></section>
</p></div>
</section>
<section class="section">
<div class="item item-12">
<section class="image-item"><img decoding="async" src="https://upload.cdn.baselinker.com/products/6010088/3f2c7ff21a8f3b3bb2888bd30ce1d118.jpg" /></section>
</p></div>
</section>
</div>
<p><!-- .vgblk-rw-wrapper --></p>

<p>Pendrive Verbatim Store 'n&#8217; Go Secure Pro 16GB USB 3.0 Specyfikacja: Rodzaj pamięci: Pendrive Pojemność pamięci: 16 GB Standard pamięci: Flash Częstotliwość szyny pamięci: nie dotyczy Typ pamięci: n/d Złącze pamięci: USB 3.0 Kolor: Szary Opakowanie: Blister Cechy: 16GB;USB 3.0 Informacje dodatkowe: &#8211; 256-bitowe sprzętowe szyfrowanie AES ze sprzętem opartym na kontrolerze bezpieczeństwa Wstępnie zainstalowana,&#8230;</p>
