{"id":1857143,"date":"2026-02-12T11:03:12","date_gmt":"2026-02-12T10:03:12","guid":{"rendered":"https:\/\/lemonti.pl\/sklep\/bez-kategorii\/pendrive-verbatim-store-n-go-secure-pro-32gb-usb-3-0\/"},"modified":"2026-08-28T09:08:03","modified_gmt":"2026-08-28T07:08:03","slug":"pendrive-verbatim-store-n-go-secure-pro-32gb-usb-3-0","status":"publish","type":"product","link":"https:\/\/lemonti.pl\/en\/sklep\/akcesoria-rozne\/pamieci-flash\/pendrive-verbatim-store-n-go-secure-pro-32gb-usb-3-0\/","title":{"rendered":"Pendrive Verbatim Store 'n&#8217; Go Secure Pro 32GB USB 3.0"},"content":{"rendered":"<div class=\"vgblk-rw-wrapper limit-wrapper\">\n<section class=\"section\">\n<div class=\"item item-12\">\n<section class=\"text-item\">\n<h1>Pendrive Verbatim Store 'n&#8217; Go Secure Pro 32GB USB 3.0<\/h1>\n<\/section><\/div>\n<\/section>\n<section class=\"section\">\n<div class=\"item item-6\">\n<section class=\"text-item\">\n<ul>\n<li><b>Producent:<\/b> VERBATIM<\/li>\n<li><b>Nazwa typu:<\/b> Pami\u0119ci<\/li>\n<li><b>Okres r\u0119kojmi w miesi\u0105cach:<\/b> 24<\/li>\n<li><b>Miejsce serwisowania:<\/b> Incom Group SA<\/li>\n<li><b>Opis og\u00f3lny:<\/b> Pendrive Verbatim Store 'n&#8217; Go Secure Pro 32GB USB 3.0<\/li>\n<li><b>Rodzaj pami\u0119ci:<\/b> Pendrive<\/li>\n<li><b>Pojemno\u015b\u0107 pami\u0119ci:<\/b> 32 GB<\/li>\n<li><b>Standard pami\u0119ci:<\/b> Flash<\/li>\n<li><b>Cz\u0119stotliwo\u015b\u0107 szyny pami\u0119ci:<\/b> nie dotyczy<\/li>\n<li><b>Typ pami\u0119ci:<\/b> n\/d<\/li>\n<li><b>Z\u0142\u0105cze pami\u0119ci:<\/b> USB 3.0<\/li>\n<li><b>Kolor:<\/b> Szary<\/li>\n<li><b>Opakowanie:<\/b> Blister<\/li>\n<li><b>Cechy:<\/b> 32GB;USB 3.0<\/li>\n<\/ul>\n<\/section><\/div>\n<div class=\"item item-6\">\n<section class=\"image-item\"><img decoding=\"async\" src=\"https:\/\/upload.cdn.baselinker.com\/products\/6010088\/df40f0cb6d98d1ab556d781df2e84685.jpg\" \/><\/section>\n<\/p><\/div>\n<\/section>\n<section class=\"section\">\n<div class=\"item item-6\">\n<section class=\"text-item\">\n<p><b>Informacje dodatkowe:<\/b><\/p>\n<ul>\n<li>256-bitowe sprz\u0119towe szyfrowanie AES ze sprz\u0119tem opartym na kontrolerze&nbsp;bezpiecze\u0144stwa<\/li>\n<li>Wst\u0119pnie zainstalowana, automatycznie uruchamiana, intuicyjna aplikacja&nbsp;zapewniaj\u0105ca ochron\u0119 has\u0142em<\/li>\n<li>Algorytm haszowania has\u0142a<\/li>\n<li>Odporne na hackowanie \u2013 urz\u0105dzenie usuwa dane po 10 nieudanych pr\u00f3bach&nbsp;uzyskania dost\u0119pu<\/li>\n<li>USB SuperSpeed o pr\u0119dko\u015bci 5 Gb\/s<\/li>\n<li>Surowe regu\u0142y uwierzytelniania \u2013 \u015bcis\u0142e zasady ustanawiania hase\u0142<\/li>\n<li>Uprawnienia administratora nie s\u0105 wymagane na komputerach-hostach<\/li>\n<li>Ulepszenia dla technologii Readyboost systemu Windows<\/li>\n<li>Wysuwane z\u0142\u0105cze USB eliminuje niedogodno\u015bci zwi\u0105zane z u\u017cywaniem zatyczek<\/li>\n<li>Minimalna szybko\u015b\u0107 zapisu: 100MB\/s<\/li>\n<li>Minimalna szybko\u015b\u0107 odczytu: 35MB\/s<\/li>\n<li>Zgodno\u015b\u0107 z systemami Windows i Mac OS<\/li>\n<li>Zgodno\u015b\u0107 ze standardem USB 2.0<\/li>\n<li>Wymiary: 55 x 20 x 9.5 mm<\/li>\n<\/ul>\n<\/section><\/div>\n<div class=\"item item-6\">\n<section class=\"image-item\"><img decoding=\"async\" src=\"https:\/\/upload.cdn.baselinker.com\/products\/6010088\/54f7a4b668970e45ca298c3ad87d2d51.jpg\" \/><\/section>\n<\/p><\/div>\n<\/section>\n<section class=\"section\">\n<div class=\"item item-12\">\n<section class=\"image-item\"><img decoding=\"async\" src=\"https:\/\/upload.cdn.baselinker.com\/products\/6010088\/f1e84681333078e10a372c888c79130f.jpg\" \/><\/section>\n<\/p><\/div>\n<\/section>\n<\/div>\n<p><!-- .vgblk-rw-wrapper --><\/p>","protected":false},"excerpt":{"rendered":"<p>Pendrive Verbatim Store 'n&#8217; Go Secure Pro 32GB USB 3.0 Producent: VERBATIM Nazwa typu: Pami\u0119ci Okres r\u0119kojmi w miesi\u0105cach: 24 Miejsce serwisowania: Incom Group SA Opis og\u00f3lny: Pendrive Verbatim Store 'n&#8217; Go Secure Pro 32GB USB 3.0 Rodzaj pami\u0119ci: Pendrive Pojemno\u015b\u0107 pami\u0119ci: 32 GB Standard pami\u0119ci: Flash Cz\u0119stotliwo\u015b\u0107 szyny pami\u0119ci: nie dotyczy Typ pami\u0119ci: n\/d&#8230;<\/p>","protected":false},"featured_media":1857136,"comment_status":"open","ping_status":"closed","template":"","meta":[],"product_brand":[16654],"product_cat":[306,307],"product_tag":[],"class_list":["post-1857143","product","type-product","status-publish","has-post-thumbnail","product_brand-verbatim","product_cat-akcesoria-rozne","product_cat-pamieci-flash","first","outofstock","taxable","shipping-taxable","purchasable","product-type-simple"],"_links":{"self":[{"href":"https:\/\/lemonti.pl\/en\/wp-json\/wp\/v2\/product\/1857143","targetHints":{"allow":["GET"]}}],"collection":[{"href":"https:\/\/lemonti.pl\/en\/wp-json\/wp\/v2\/product"}],"about":[{"href":"https:\/\/lemonti.pl\/en\/wp-json\/wp\/v2\/types\/product"}],"replies":[{"embeddable":true,"href":"https:\/\/lemonti.pl\/en\/wp-json\/wp\/v2\/comments?post=1857143"}],"version-history":[{"count":1,"href":"https:\/\/lemonti.pl\/en\/wp-json\/wp\/v2\/product\/1857143\/revisions"}],"predecessor-version":[{"id":1859741,"href":"https:\/\/lemonti.pl\/en\/wp-json\/wp\/v2\/product\/1857143\/revisions\/1859741"}],"wp:featuredmedia":[{"embeddable":true,"href":"https:\/\/lemonti.pl\/en\/wp-json\/wp\/v2\/media\/1857136"}],"wp:attachment":[{"href":"https:\/\/lemonti.pl\/en\/wp-json\/wp\/v2\/media?parent=1857143"}],"wp:term":[{"taxonomy":"product_brand","embeddable":true,"href":"https:\/\/lemonti.pl\/en\/wp-json\/wp\/v2\/product_brand?post=1857143"},{"taxonomy":"product_cat","embeddable":true,"href":"https:\/\/lemonti.pl\/en\/wp-json\/wp\/v2\/product_cat?post=1857143"},{"taxonomy":"product_tag","embeddable":true,"href":"https:\/\/lemonti.pl\/en\/wp-json\/wp\/v2\/product_tag?post=1857143"}],"curies":[{"name":"wp","href":"https:\/\/api.w.org\/{rel}","templated":true}]}}

<div class="vgblk-rw-wrapper limit-wrapper">
<section class="section">
<div class="item item-12">
<section class="text-item">
<h1>Pendrive Verbatim Store 'n&#8217; Go Secure Pro 32GB USB 3.0</h1>
</section></div>
</section>
<section class="section">
<div class="item item-6">
<section class="text-item">
<ul>
<li><b>Producent:</b> VERBATIM</li>
<li><b>Nazwa typu:</b> Pamięci</li>
<li><b>Okres rękojmi w miesiącach:</b> 24</li>
<li><b>Miejsce serwisowania:</b> Incom Group SA</li>
<li><b>Opis ogólny:</b> Pendrive Verbatim Store 'n&#8217; Go Secure Pro 32GB USB 3.0</li>
<li><b>Rodzaj pamięci:</b> Pendrive</li>
<li><b>Pojemność pamięci:</b> 32 GB</li>
<li><b>Standard pamięci:</b> Flash</li>
<li><b>Częstotliwość szyny pamięci:</b> nie dotyczy</li>
<li><b>Typ pamięci:</b> n/d</li>
<li><b>Złącze pamięci:</b> USB 3.0</li>
<li><b>Kolor:</b> Szary</li>
<li><b>Opakowanie:</b> Blister</li>
<li><b>Cechy:</b> 32GB;USB 3.0</li>
</ul>
</section></div>
<div class="item item-6">
<section class="image-item"><img decoding="async" src="https://upload.cdn.baselinker.com/products/6010088/df40f0cb6d98d1ab556d781df2e84685.jpg" /></section>
</p></div>
</section>
<section class="section">
<div class="item item-6">
<section class="text-item">
<p><b>Informacje dodatkowe:</b></p>
<ul>
<li>256-bitowe sprzętowe szyfrowanie AES ze sprzętem opartym na kontrolerze&nbsp;bezpieczeństwa</li>
<li>Wstępnie zainstalowana, automatycznie uruchamiana, intuicyjna aplikacja&nbsp;zapewniająca ochronę hasłem</li>
<li>Algorytm haszowania hasła</li>
<li>Odporne na hackowanie – urządzenie usuwa dane po 10 nieudanych próbach&nbsp;uzyskania dostępu</li>
<li>USB SuperSpeed o prędkości 5 Gb/s</li>
<li>Surowe reguły uwierzytelniania – ścisłe zasady ustanawiania haseł</li>
<li>Uprawnienia administratora nie są wymagane na komputerach-hostach</li>
<li>Ulepszenia dla technologii Readyboost systemu Windows</li>
<li>Wysuwane złącze USB eliminuje niedogodności związane z używaniem zatyczek</li>
<li>Minimalna szybkość zapisu: 100MB/s</li>
<li>Minimalna szybkość odczytu: 35MB/s</li>
<li>Zgodność z systemami Windows i Mac OS</li>
<li>Zgodność ze standardem USB 2.0</li>
<li>Wymiary: 55 x 20 x 9.5 mm</li>
</ul>
</section></div>
<div class="item item-6">
<section class="image-item"><img decoding="async" src="https://upload.cdn.baselinker.com/products/6010088/54f7a4b668970e45ca298c3ad87d2d51.jpg" /></section>
</p></div>
</section>
<section class="section">
<div class="item item-12">
<section class="image-item"><img decoding="async" src="https://upload.cdn.baselinker.com/products/6010088/f1e84681333078e10a372c888c79130f.jpg" /></section>
</p></div>
</section>
</div>
<p><!-- .vgblk-rw-wrapper --></p>

<p>Pendrive Verbatim Store 'n&#8217; Go Secure Pro 32GB USB 3.0 Producent: VERBATIM Nazwa typu: Pamięci Okres rękojmi w miesiącach: 24 Miejsce serwisowania: Incom Group SA Opis ogólny: Pendrive Verbatim Store 'n&#8217; Go Secure Pro 32GB USB 3.0 Rodzaj pamięci: Pendrive Pojemność pamięci: 32 GB Standard pamięci: Flash Częstotliwość szyny pamięci: nie dotyczy Typ pamięci: n/d&#8230;</p>
