{"id":1857049,"date":"2026-02-12T11:01:33","date_gmt":"2026-02-12T10:01:33","guid":{"rendered":"https:\/\/lemonti.pl\/sklep\/bez-kategorii\/pendrive-verbatim-pinstripe-256gb-usb-3-0-black\/"},"modified":"2026-08-27T09:20:09","modified_gmt":"2026-08-27T07:20:09","slug":"pendrive-verbatim-pinstripe-256gb-usb-3-0-black","status":"publish","type":"product","link":"https:\/\/lemonti.pl\/en\/sklep\/akcesoria-rozne\/pamieci-flash\/pendrive-verbatim-pinstripe-256gb-usb-3-0-black\/","title":{"rendered":"Pendrive Verbatim PinStripe 256GB USB 3.0 Black"},"content":{"rendered":"<div class=\"vgblk-rw-wrapper limit-wrapper\">\n<section class=\"section\">\n<div class=\"item item-12\">\n<section class=\"text-item\">\n<h1>Pendrive Verbatim PinStripe 256GB USB 3.0 Black<\/h1>\n<\/section><\/div>\n<\/section>\n<section class=\"section\">\n<div class=\"item item-6\">\n<section class=\"text-item\">\n<h2>Dane techniczne<\/h2>\n<ul>\n<li>Masa produktu: ok. 7 grama<\/li>\n<li>Wymiary produktu: 55 mm x 19 mm x 7 mm (d\u0142. x szer. x wys.)<\/li>\n<li>\u0179r\u00f3d\u0142o zasilania: Magistrala USB (nie trzeba stosowa\u0107 baterii)<\/li>\n<li>Interfejs: USB 3.2 Gen 1 (dawniej USB 3.0)<\/li>\n<li>Format: FAT32<\/li>\n<\/ul>\n<h2>Wymagania systemowe<\/h2>\n<ul>\n<li>Porty USB 3.2 Gen 1 (USB 3.0)\/USB 2.0<\/li>\n<li>Windows 11, 10, 8<\/li>\n<li>Mac OS X 10.4 lub nowsza wersja<\/li>\n<li>Linux 2.4.0 lub nowsza wersja<\/li>\n<\/ul>\n<\/section><\/div>\n<div class=\"item item-6\">\n<section class=\"image-item\"><img decoding=\"async\" src=\"https:\/\/upload.cdn.baselinker.com\/products\/6010088\/941fcc08a244a420b7bf0dd2fee69a11.jpg\" \/><\/section>\n<\/p><\/div>\n<\/section>\n<section class=\"section\">\n<div class=\"item item-12\">\n<section class=\"text-item\">\n<h2>Om\u00f3wienie<\/h2>\n<p>Poniewa\u017c coraz wi\u0119cej danych jest tworzonych i przekazywanych ka\u017cdego dnia, zmodernizowali\u015bmy nasz\u0105 flagow\u0105 pami\u0119\u0107 USB do nowoczesnego standardu USB 3.2 Gen 1. Pami\u0119\u0107 USB PinStripe zapewnia teraz wi\u0119ksze pr\u0119dko\u015bci transferu i wi\u0119ksze pojemno\u015bci, dzi\u0119ki czemu u\u017cytkownicy nie trac\u0105 czasu na czekanie i mog\u0105 go wykorzysta\u0107 na tw\u00f3rcz\u0105 prac\u0119.<\/p>\n<p>Pami\u0119\u0107 USB PinStripe firmy Verbatim cechuje si\u0119 funkcj\u0105 wsuwania i wysuwania, pozwalaj\u0105c\u0105 chroni\u0107 po\u0142\u0105czenie USB, gdy nie jest ono u\u017cywane, bez konieczno\u015bci stosowania osobnej nasadki, kt\u00f3r\u0105 \u0142atwo zgubi\u0107.<\/p>\n<p>Dzi\u0119ki lekkiej, nowoczesnej konstrukcji nasza pami\u0119\u0107 PinStripe w wersji USB 3.2 Gen 1 jest dost\u0119pna w wielu r\u00f3\u017cnych pojemno\u015bciach dostosowanych do potrzeb u\u017cytkownik\u00f3w, stanowi\u0105c idealne rozwi\u0105zanie do codziennego przenoszenia danych.<\/p>\n<\/section><\/div>\n<\/section>\n<section class=\"section\">\n<div class=\"item item-6\">\n<section class=\"text-item\">\n<h2>Szczeg\u00f3\u0142y produktu<\/h2>\n<p>Numer katalogowy: 49320<\/p>\n<ul>\n<li>Stylowa, chowana konstrukcja \u201ePinStripe\u201d<\/li>\n<li>USB SuperSpeed o pr\u0119dko\u015bci 5 Gb\/s<\/li>\n<li>Otw\u00f3r na k\u00f3\u0142ko do kluczy<\/li>\n<\/ul>\n<\/section><\/div>\n<div class=\"item item-6\">\n<section class=\"image-item\"><img decoding=\"async\" src=\"https:\/\/upload.cdn.baselinker.com\/products\/6010088\/2c5c11d0e75f99aa2d0fbed44a758179.jpg\" \/><\/section>\n<\/p><\/div>\n<\/section>\n<section class=\"section\">\n<div class=\"item item-6\">\n<section class=\"image-item\"><img decoding=\"async\" src=\"https:\/\/upload.cdn.baselinker.com\/products\/6010088\/7f0452656c2cfced3d258f5df86e0299.jpg\" \/><\/section>\n<\/p><\/div>\n<div class=\"item item-6\">\n<section class=\"image-item\"><img decoding=\"async\" src=\"https:\/\/upload.cdn.baselinker.com\/products\/6010088\/77fe054926d92d1f6227d61b99cf226b.jpg\" \/><\/section>\n<\/p><\/div>\n<\/section>\n<section class=\"section\">\n<div class=\"item item-12\">\n<section class=\"image-item\"><img decoding=\"async\" src=\"https:\/\/upload.cdn.baselinker.com\/products\/6010088\/640e32525577078c8bb40cb8d86d18bc.jpg\" \/><\/section>\n<\/p><\/div>\n<\/section>\n<\/div>\n<p><!-- .vgblk-rw-wrapper --><\/p>","protected":false},"excerpt":{"rendered":"<p>Pendrive Verbatim PinStripe 256GB USB 3.0 Black Dane techniczne Masa produktu: ok. 7 grama Wymiary produktu: 55 mm x 19 mm x 7 mm (d\u0142. x szer. x wys.) \u0179r\u00f3d\u0142o zasilania: Magistrala USB (nie trzeba stosowa\u0107 baterii) Interfejs: USB 3.2 Gen 1 (dawniej USB 3.0) Format: FAT32 Wymagania systemowe Porty USB 3.2 Gen 1 (USB&#8230;<\/p>","protected":false},"featured_media":1857020,"comment_status":"open","ping_status":"closed","template":"","meta":[],"product_brand":[16654],"product_cat":[306,307],"product_tag":[],"class_list":["post-1857049","product","type-product","status-publish","has-post-thumbnail","product_brand-verbatim","product_cat-akcesoria-rozne","product_cat-pamieci-flash","first","outofstock","taxable","shipping-taxable","purchasable","product-type-simple"],"_links":{"self":[{"href":"https:\/\/lemonti.pl\/en\/wp-json\/wp\/v2\/product\/1857049","targetHints":{"allow":["GET"]}}],"collection":[{"href":"https:\/\/lemonti.pl\/en\/wp-json\/wp\/v2\/product"}],"about":[{"href":"https:\/\/lemonti.pl\/en\/wp-json\/wp\/v2\/types\/product"}],"replies":[{"embeddable":true,"href":"https:\/\/lemonti.pl\/en\/wp-json\/wp\/v2\/comments?post=1857049"}],"version-history":[{"count":1,"href":"https:\/\/lemonti.pl\/en\/wp-json\/wp\/v2\/product\/1857049\/revisions"}],"predecessor-version":[{"id":1859737,"href":"https:\/\/lemonti.pl\/en\/wp-json\/wp\/v2\/product\/1857049\/revisions\/1859737"}],"wp:featuredmedia":[{"embeddable":true,"href":"https:\/\/lemonti.pl\/en\/wp-json\/wp\/v2\/media\/1857020"}],"wp:attachment":[{"href":"https:\/\/lemonti.pl\/en\/wp-json\/wp\/v2\/media?parent=1857049"}],"wp:term":[{"taxonomy":"product_brand","embeddable":true,"href":"https:\/\/lemonti.pl\/en\/wp-json\/wp\/v2\/product_brand?post=1857049"},{"taxonomy":"product_cat","embeddable":true,"href":"https:\/\/lemonti.pl\/en\/wp-json\/wp\/v2\/product_cat?post=1857049"},{"taxonomy":"product_tag","embeddable":true,"href":"https:\/\/lemonti.pl\/en\/wp-json\/wp\/v2\/product_tag?post=1857049"}],"curies":[{"name":"wp","href":"https:\/\/api.w.org\/{rel}","templated":true}]}}

<div class="vgblk-rw-wrapper limit-wrapper">
<section class="section">
<div class="item item-12">
<section class="text-item">
<h1>Pendrive Verbatim PinStripe 256GB USB 3.0 Black</h1>
</section></div>
</section>
<section class="section">
<div class="item item-6">
<section class="text-item">
<h2>Dane techniczne</h2>
<ul>
<li>Masa produktu: ok. 7 grama</li>
<li>Wymiary produktu: 55 mm x 19 mm x 7 mm (dł. x szer. x wys.)</li>
<li>Źródło zasilania: Magistrala USB (nie trzeba stosować baterii)</li>
<li>Interfejs: USB 3.2 Gen 1 (dawniej USB 3.0)</li>
<li>Format: FAT32</li>
</ul>
<h2>Wymagania systemowe</h2>
<ul>
<li>Porty USB 3.2 Gen 1 (USB 3.0)/USB 2.0</li>
<li>Windows 11, 10, 8</li>
<li>Mac OS X 10.4 lub nowsza wersja</li>
<li>Linux 2.4.0 lub nowsza wersja</li>
</ul>
</section></div>
<div class="item item-6">
<section class="image-item"><img decoding="async" src="https://upload.cdn.baselinker.com/products/6010088/941fcc08a244a420b7bf0dd2fee69a11.jpg" /></section>
</p></div>
</section>
<section class="section">
<div class="item item-12">
<section class="text-item">
<h2>Omówienie</h2>
<p>Ponieważ coraz więcej danych jest tworzonych i przekazywanych każdego dnia, zmodernizowaliśmy naszą flagową pamięć USB do nowoczesnego standardu USB 3.2 Gen 1. Pamięć USB PinStripe zapewnia teraz większe prędkości transferu i większe pojemności, dzięki czemu użytkownicy nie tracą czasu na czekanie i mogą go wykorzystać na twórczą pracę.</p>
<p>Pamięć USB PinStripe firmy Verbatim cechuje się funkcją wsuwania i wysuwania, pozwalającą chronić połączenie USB, gdy nie jest ono używane, bez konieczności stosowania osobnej nasadki, którą łatwo zgubić.</p>
<p>Dzięki lekkiej, nowoczesnej konstrukcji nasza pamięć PinStripe w wersji USB 3.2 Gen 1 jest dostępna w wielu różnych pojemnościach dostosowanych do potrzeb użytkowników, stanowiąc idealne rozwiązanie do codziennego przenoszenia danych.</p>
</section></div>
</section>
<section class="section">
<div class="item item-6">
<section class="text-item">
<h2>Szczegóły produktu</h2>
<p>Numer katalogowy: 49320</p>
<ul>
<li>Stylowa, chowana konstrukcja „PinStripe”</li>
<li>USB SuperSpeed o prędkości 5 Gb/s</li>
<li>Otwór na kółko do kluczy</li>
</ul>
</section></div>
<div class="item item-6">
<section class="image-item"><img decoding="async" src="https://upload.cdn.baselinker.com/products/6010088/2c5c11d0e75f99aa2d0fbed44a758179.jpg" /></section>
</p></div>
</section>
<section class="section">
<div class="item item-6">
<section class="image-item"><img decoding="async" src="https://upload.cdn.baselinker.com/products/6010088/7f0452656c2cfced3d258f5df86e0299.jpg" /></section>
</p></div>
<div class="item item-6">
<section class="image-item"><img decoding="async" src="https://upload.cdn.baselinker.com/products/6010088/77fe054926d92d1f6227d61b99cf226b.jpg" /></section>
</p></div>
</section>
<section class="section">
<div class="item item-12">
<section class="image-item"><img decoding="async" src="https://upload.cdn.baselinker.com/products/6010088/640e32525577078c8bb40cb8d86d18bc.jpg" /></section>
</p></div>
</section>
</div>
<p><!-- .vgblk-rw-wrapper --></p>

<p>Pendrive Verbatim PinStripe 256GB USB 3.0 Black Dane techniczne Masa produktu: ok. 7 grama Wymiary produktu: 55 mm x 19 mm x 7 mm (dł. x szer. x wys.) Źródło zasilania: Magistrala USB (nie trzeba stosować baterii) Interfejs: USB 3.2 Gen 1 (dawniej USB 3.0) Format: FAT32 Wymagania systemowe Porty USB 3.2 Gen 1 (USB&#8230;</p>
