{"id":1856162,"date":"2026-02-12T10:48:32","date_gmt":"2026-02-12T09:48:32","guid":{"rendered":"https:\/\/lemonti.pl\/sklep\/bez-kategorii\/pendrive-verbatim-metal-executive-32gb-usb-2-0\/"},"modified":"2026-07-17T13:39:27","modified_gmt":"2026-07-17T11:39:27","slug":"pendrive-verbatim-metal-executive-32gb-usb-2-0","status":"publish","type":"product","link":"https:\/\/lemonti.pl\/en\/sklep\/akcesoria-rozne\/pamieci-flash\/pendrive-verbatim-metal-executive-32gb-usb-2-0\/","title":{"rendered":"Pendrive Verbatim Metal Executive 32GB USB 2.0"},"content":{"rendered":"<div class=\"vgblk-rw-wrapper limit-wrapper\">\n<section class=\"section\">\n<div class=\"item item-6\">\n<section class=\"text-item\">\n<p><b>Niewielka, elegancka, metalowa obudowa sprawia, \u017ce pami\u0119\u0107 USB 2.0 Metal Executive jest niezwykle wytrzyma\u0142a i doskonale nadaje si\u0119 do codziennego u\u017cytkowania.<\/b><\/p>\n<\/section><\/div>\n<div class=\"item item-6\">\n<section class=\"image-item\"><img decoding=\"async\" src=\"https:\/\/upload.cdn.baselinker.com\/products\/6010088\/50fb0df304d2f0ab59b7a175a77a6417.jpg\" \/><\/section>\n<\/p><\/div>\n<\/section>\n<section class=\"section\">\n<div class=\"item item-6\">\n<section class=\"image-item\"><img decoding=\"async\" src=\"https:\/\/upload.cdn.baselinker.com\/products\/6010088\/f5c2e6d9a4117c69982ff1123977dcfa.jpg\" \/><\/section>\n<\/p><\/div>\n<div class=\"item item-6\">\n<section class=\"text-item\">\n<p><b>Szczeg\u00f3\u0142y produktu<\/b><\/p>\n<p>Numer katalogowy: 98749<\/p>\n<ul>\n<li>Niezwykle ma\u0142y rozmiar<\/li>\n<li>Wytrzyma\u0142a obudowa, odporna na wod\u0119 i kurz<\/li>\n<li>W zestawie znajduje si\u0119 funkcjonalny metalowy brelok<\/li>\n<li>Elegancki srebrny kolor<\/li>\n<\/ul>\n<\/section><\/div>\n<\/section>\n<section class=\"section\">\n<div class=\"item item-6\">\n<section class=\"text-item\">\n<p><b>Wymagania systemowe<\/b><\/p>\n<p>Port USB 2.0 (zgodno\u015b\u0107 ze standardami USB 3.2 Gen 1) Windows 10, 8, 7 Mac OS X 10.4&nbsp;lub nowsza wersja<\/p>\n<p><b>Dane techniczne<\/b><\/p>\n<ul>\n<li>Waga: ok. 3,6 grama<\/li>\n<li>Wymiary: 29 x 15 x 5,5 mm (d\u0142. x szer. x wys.)<\/li>\n<li>Interfejs: USB 2.0<\/li>\n<li>Zasilanie: USB<\/li>\n<\/ul>\n<p><b>Zawarto\u015b\u0107 opakowania<\/b><\/p>\n<p>Pami\u0119\u0107 USB 2.0 Metal Executive z metalowym brelokiem<\/p>\n<\/section><\/div>\n<div class=\"item item-6\">\n<section class=\"image-item\"><img decoding=\"async\" src=\"https:\/\/upload.cdn.baselinker.com\/products\/6010088\/1f3b3f016318c7337220bce3c576d2e7.jpg\" \/><\/section>\n<\/p><\/div>\n<\/section>\n<\/div>\n<p><!-- .vgblk-rw-wrapper --><\/p>","protected":false},"excerpt":{"rendered":"<p>Niewielka, elegancka, metalowa obudowa sprawia, \u017ce pami\u0119\u0107 USB 2.0 Metal Executive jest niezwykle wytrzyma\u0142a i doskonale nadaje si\u0119 do codziennego u\u017cytkowania. Szczeg\u00f3\u0142y produktu Numer katalogowy: 98749 Niezwykle ma\u0142y rozmiar Wytrzyma\u0142a obudowa, odporna na wod\u0119 i kurz W zestawie znajduje si\u0119 funkcjonalny metalowy brelok Elegancki srebrny kolor Wymagania systemowe Port USB 2.0 (zgodno\u015b\u0107 ze standardami USB&#8230;<\/p>","protected":false},"featured_media":1856134,"comment_status":"open","ping_status":"closed","template":"","meta":[],"product_brand":[16654],"product_cat":[306,307],"product_tag":[],"class_list":["post-1856162","product","type-product","status-publish","has-post-thumbnail","product_brand-verbatim","product_cat-akcesoria-rozne","product_cat-pamieci-flash","first","outofstock","taxable","shipping-taxable","purchasable","product-type-simple"],"_links":{"self":[{"href":"https:\/\/lemonti.pl\/en\/wp-json\/wp\/v2\/product\/1856162","targetHints":{"allow":["GET"]}}],"collection":[{"href":"https:\/\/lemonti.pl\/en\/wp-json\/wp\/v2\/product"}],"about":[{"href":"https:\/\/lemonti.pl\/en\/wp-json\/wp\/v2\/types\/product"}],"replies":[{"embeddable":true,"href":"https:\/\/lemonti.pl\/en\/wp-json\/wp\/v2\/comments?post=1856162"}],"version-history":[{"count":1,"href":"https:\/\/lemonti.pl\/en\/wp-json\/wp\/v2\/product\/1856162\/revisions"}],"predecessor-version":[{"id":1859648,"href":"https:\/\/lemonti.pl\/en\/wp-json\/wp\/v2\/product\/1856162\/revisions\/1859648"}],"wp:featuredmedia":[{"embeddable":true,"href":"https:\/\/lemonti.pl\/en\/wp-json\/wp\/v2\/media\/1856134"}],"wp:attachment":[{"href":"https:\/\/lemonti.pl\/en\/wp-json\/wp\/v2\/media?parent=1856162"}],"wp:term":[{"taxonomy":"product_brand","embeddable":true,"href":"https:\/\/lemonti.pl\/en\/wp-json\/wp\/v2\/product_brand?post=1856162"},{"taxonomy":"product_cat","embeddable":true,"href":"https:\/\/lemonti.pl\/en\/wp-json\/wp\/v2\/product_cat?post=1856162"},{"taxonomy":"product_tag","embeddable":true,"href":"https:\/\/lemonti.pl\/en\/wp-json\/wp\/v2\/product_tag?post=1856162"}],"curies":[{"name":"wp","href":"https:\/\/api.w.org\/{rel}","templated":true}]}}

<div class="vgblk-rw-wrapper limit-wrapper">
<section class="section">
<div class="item item-6">
<section class="text-item">
<p><b>Niewielka, elegancka, metalowa obudowa sprawia, że pamięć USB 2.0 Metal Executive jest niezwykle wytrzymała i doskonale nadaje się do codziennego użytkowania.</b></p>
</section></div>
<div class="item item-6">
<section class="image-item"><img decoding="async" src="https://upload.cdn.baselinker.com/products/6010088/50fb0df304d2f0ab59b7a175a77a6417.jpg" /></section>
</p></div>
</section>
<section class="section">
<div class="item item-6">
<section class="image-item"><img decoding="async" src="https://upload.cdn.baselinker.com/products/6010088/f5c2e6d9a4117c69982ff1123977dcfa.jpg" /></section>
</p></div>
<div class="item item-6">
<section class="text-item">
<p><b>Szczegóły produktu</b></p>
<p>Numer katalogowy: 98749</p>
<ul>
<li>Niezwykle mały rozmiar</li>
<li>Wytrzymała obudowa, odporna na wodę i kurz</li>
<li>W zestawie znajduje się funkcjonalny metalowy brelok</li>
<li>Elegancki srebrny kolor</li>
</ul>
</section></div>
</section>
<section class="section">
<div class="item item-6">
<section class="text-item">
<p><b>Wymagania systemowe</b></p>
<p>Port USB 2.0 (zgodność ze standardami USB 3.2 Gen 1) Windows 10, 8, 7 Mac OS X 10.4&nbsp;lub nowsza wersja</p>
<p><b>Dane techniczne</b></p>
<ul>
<li>Waga: ok. 3,6 grama</li>
<li>Wymiary: 29 x 15 x 5,5 mm (dł. x szer. x wys.)</li>
<li>Interfejs: USB 2.0</li>
<li>Zasilanie: USB</li>
</ul>
<p><b>Zawartość opakowania</b></p>
<p>Pamięć USB 2.0 Metal Executive z metalowym brelokiem</p>
</section></div>
<div class="item item-6">
<section class="image-item"><img decoding="async" src="https://upload.cdn.baselinker.com/products/6010088/1f3b3f016318c7337220bce3c576d2e7.jpg" /></section>
</p></div>
</section>
</div>
<p><!-- .vgblk-rw-wrapper --></p>

<p>Niewielka, elegancka, metalowa obudowa sprawia, że pamięć USB 2.0 Metal Executive jest niezwykle wytrzymała i doskonale nadaje się do codziennego użytkowania. Szczegóły produktu Numer katalogowy: 98749 Niezwykle mały rozmiar Wytrzymała obudowa, odporna na wodę i kurz W zestawie znajduje się funkcjonalny metalowy brelok Elegancki srebrny kolor Wymagania systemowe Port USB 2.0 (zgodność ze standardami USB&#8230;</p>
