{"id":1846689,"date":"2026-01-21T12:26:19","date_gmt":"2026-01-21T11:26:19","guid":{"rendered":"https:\/\/lemonti.pl\/sklep\/bez-kategorii\/mysz-przewodowa-verbatim-travel-optyczna-zwijany-kabel-czarna\/"},"modified":"2026-07-08T09:35:15","modified_gmt":"2026-07-08T07:35:15","slug":"mysz-przewodowa-verbatim-travel-optyczna-zwijany-kabel-czarna","status":"publish","type":"product","link":"https:\/\/lemonti.pl\/en\/sklep\/urzadzenia-peryferyjne\/myszki\/mysz-przewodowa-verbatim-travel-optyczna-zwijany-kabel-czarna\/","title":{"rendered":"Mysz przewodowa Verbatim Travel optyczna zwijany kabel czarna"},"content":{"rendered":"<div class=\"vgblk-rw-wrapper limit-wrapper\">\n<section class=\"section\">\n<div class=\"item item-12\">\n<section class=\"text-item\">\n<h2>Mysz przewodowa Verbatim Travel optyczna zwijany kabel czarna<\/h2>\n<p><b>Producent:<\/b> <b>VERBATIM<\/b><\/p>\n<\/section><\/div>\n<\/section>\n<section class=\"section\">\n<div class=\"item item-6\">\n<section class=\"text-item\">\n<h2>Specyfikacja:<\/h2>\n<ul>\n<li><b>Komunikacja:<\/b> Przewodowa<\/li>\n<li><b>Wykonanie \/ przeznaczenie:<\/b> Standard<\/li>\n<li><b>Technologia czujnika myszy:<\/b> Optyczna<\/li>\n<li><b>Ilo\u015b\u0107 klawiszy:<\/b> 3<\/li>\n<li><b>Ilo\u015b\u0107 pokr\u0119te\u0142:<\/b> 1<\/li>\n<li><b>Programowalne przyciski:<\/b> Nie<\/li>\n<li><b>Rozdzielczo\u015b\u0107 maksymalna (dpi):<\/b> 1000<\/li>\n<li><b>Kolor:<\/b> Czarno-szary<\/li>\n<li><b>Typ z\u0142\u0105cza:<\/b> USB 2.0<\/li>\n<li><b>Wymiary [W x S x G] (mm):<\/b> 29 x 42 x 150<\/li>\n<li><b>Opakowanie:<\/b> Blister<\/li>\n<\/ul>\n<\/section><\/div>\n<div class=\"item item-6\">\n<section class=\"image-item\"><img decoding=\"async\" src=\"https:\/\/upload.cdn.baselinker.com\/products\/6010088\/b6c874867499bdc1fbc6bab5d033a588.jpg\" \/><\/section>\n<\/p><\/div>\n<\/section>\n<section class=\"section\">\n<div class=\"item item-12\">\n<section class=\"image-item\"><img decoding=\"async\" src=\"https:\/\/upload.cdn.baselinker.com\/products\/6010088\/7d70ec719f863764859b3fc9898cf016.jpg\" \/><\/section>\n<\/p><\/div>\n<\/section>\n<section class=\"section\">\n<div class=\"item item-6\">\n<section class=\"image-item\"><img decoding=\"async\" src=\"https:\/\/upload.cdn.baselinker.com\/products\/6010088\/a18b03d7cdcba7b43334d9e886e5d7d8.jpg\" \/><\/section>\n<\/p><\/div>\n<div class=\"item item-6\">\n<section class=\"image-item\"><img decoding=\"async\" src=\"https:\/\/upload.cdn.baselinker.com\/products\/6010088\/8f02dba66c33bcd58c519ff5629dba95.jpg\" \/><\/section>\n<\/p><\/div>\n<\/section>\n<\/div>\n<p><!-- .vgblk-rw-wrapper --><\/p>\n","protected":false},"excerpt":{"rendered":"<p>Mysz przewodowa Verbatim Travel optyczna zwijany kabel czarna Producent: VERBATIM Specyfikacja: Komunikacja: Przewodowa Wykonanie \/ przeznaczenie: Standard Technologia czujnika myszy: Optyczna Ilo\u015b\u0107 klawiszy: 3 Ilo\u015b\u0107 pokr\u0119te\u0142: 1 Programowalne przyciski: Nie Rozdzielczo\u015b\u0107 maksymalna (dpi): 1000 Kolor: Czarno-szary Typ z\u0142\u0105cza: USB 2.0 Wymiary [W x S x G] (mm): 29 x 42 x 150 Opakowanie: Blister<\/p>\n","protected":false},"featured_media":1846685,"comment_status":"open","ping_status":"closed","template":"","meta":[],"product_brand":[16654],"product_cat":[288,283],"product_tag":[],"class_list":["post-1846689","product","type-product","status-publish","has-post-thumbnail","product_brand-verbatim","product_cat-myszki","product_cat-urzadzenia-peryferyjne","first","outofstock","taxable","shipping-taxable","purchasable","product-type-simple"],"_links":{"self":[{"href":"https:\/\/lemonti.pl\/en\/wp-json\/wp\/v2\/product\/1846689","targetHints":{"allow":["GET"]}}],"collection":[{"href":"https:\/\/lemonti.pl\/en\/wp-json\/wp\/v2\/product"}],"about":[{"href":"https:\/\/lemonti.pl\/en\/wp-json\/wp\/v2\/types\/product"}],"replies":[{"embeddable":true,"href":"https:\/\/lemonti.pl\/en\/wp-json\/wp\/v2\/comments?post=1846689"}],"version-history":[{"count":0,"href":"https:\/\/lemonti.pl\/en\/wp-json\/wp\/v2\/product\/1846689\/revisions"}],"wp:featuredmedia":[{"embeddable":true,"href":"https:\/\/lemonti.pl\/en\/wp-json\/wp\/v2\/media\/1846685"}],"wp:attachment":[{"href":"https:\/\/lemonti.pl\/en\/wp-json\/wp\/v2\/media?parent=1846689"}],"wp:term":[{"taxonomy":"product_brand","embeddable":true,"href":"https:\/\/lemonti.pl\/en\/wp-json\/wp\/v2\/product_brand?post=1846689"},{"taxonomy":"product_cat","embeddable":true,"href":"https:\/\/lemonti.pl\/en\/wp-json\/wp\/v2\/product_cat?post=1846689"},{"taxonomy":"product_tag","embeddable":true,"href":"https:\/\/lemonti.pl\/en\/wp-json\/wp\/v2\/product_tag?post=1846689"}],"curies":[{"name":"wp","href":"https:\/\/api.w.org\/{rel}","templated":true}]}}

<div class="vgblk-rw-wrapper limit-wrapper">
<section class="section">
<div class="item item-12">
<section class="text-item">
<h2>Mysz przewodowa Verbatim Travel optyczna zwijany kabel czarna</h2>
<p><b>Producent:</b> <b>VERBATIM</b></p>
</section></div>
</section>
<section class="section">
<div class="item item-6">
<section class="text-item">
<h2>Specyfikacja:</h2>
<ul>
<li><b>Komunikacja:</b> Przewodowa</li>
<li><b>Wykonanie / przeznaczenie:</b> Standard</li>
<li><b>Technologia czujnika myszy:</b> Optyczna</li>
<li><b>Ilość klawiszy:</b> 3</li>
<li><b>Ilość pokręteł:</b> 1</li>
<li><b>Programowalne przyciski:</b> Nie</li>
<li><b>Rozdzielczość maksymalna (dpi):</b> 1000</li>
<li><b>Kolor:</b> Czarno-szary</li>
<li><b>Typ złącza:</b> USB 2.0</li>
<li><b>Wymiary [W x S x G] (mm):</b> 29 x 42 x 150</li>
<li><b>Opakowanie:</b> Blister</li>
</ul>
</section></div>
<div class="item item-6">
<section class="image-item"><img decoding="async" src="https://upload.cdn.baselinker.com/products/6010088/b6c874867499bdc1fbc6bab5d033a588.jpg" /></section>
</p></div>
</section>
<section class="section">
<div class="item item-12">
<section class="image-item"><img decoding="async" src="https://upload.cdn.baselinker.com/products/6010088/7d70ec719f863764859b3fc9898cf016.jpg" /></section>
</p></div>
</section>
<section class="section">
<div class="item item-6">
<section class="image-item"><img decoding="async" src="https://upload.cdn.baselinker.com/products/6010088/a18b03d7cdcba7b43334d9e886e5d7d8.jpg" /></section>
</p></div>
<div class="item item-6">
<section class="image-item"><img decoding="async" src="https://upload.cdn.baselinker.com/products/6010088/8f02dba66c33bcd58c519ff5629dba95.jpg" /></section>
</p></div>
</section>
</div>
<p><!-- .vgblk-rw-wrapper --></p>

<p>Mysz przewodowa Verbatim Travel optyczna zwijany kabel czarna Producent: VERBATIM Specyfikacja: Komunikacja: Przewodowa Wykonanie / przeznaczenie: Standard Technologia czujnika myszy: Optyczna Ilość klawiszy: 3 Ilość pokręteł: 1 Programowalne przyciski: Nie Rozdzielczość maksymalna (dpi): 1000 Kolor: Czarno-szary Typ złącza: USB 2.0 Wymiary [W x S x G] (mm): 29 x 42 x 150 Opakowanie: Blister</p>
